022310?
-201022233
In base 14, what is -1 + 13363?
13362
In base 12, what is -96 + 97a7?
9711
In base 12, what is 67a + -464?
216
In base 2, what is 11 - 101110100001101011?
-101110100001101000
In base 2, what is -1 - 101101011010100?
-101101011010101
In base 10, what is -5989 + 82?
-5907
In base 13, what is -3a9 + 4a6?
ca
In base 9, what is 1515 - -822?
2437
In base 2, what is -111110101 - 10000?
-1000000101
In base 2, what is -1000101011 - -1010?
-1000100001
In base 4, what is 131211330 + 1?
131211331
In base 11, what is 4 - 8276?
-8272
In base 2, what is -11100011 - 111100111110?
-1000000100001
In base 7, what is 200 + 160?
360
In base 10, what is -59929 + 2?
-59927
In base 7, what is 10023 + -10?
10013
In base 3, what is 0 - -12020011002?
12020011002
In base 10, what is -5 - -6418?
6413
In base 8, what is 524 + -50?
454
In base 6, what is -141 - -1212?
1031
In base 7, what is -132524 - -3?
-132521
In base 15, what is 84a + 6?
851
In base 10, what is 784170 + 0?
784170
In base 10, what is -4 - 16653?
-16657
In base 4, what is 1100320 + -132?
1100122
In base 9, what is 222 - 1057?
-735
In base 14, what is 265 + -16?
24d
In base 9, what is -184 - -645?
451
In base 11, what is -2467 - 58?
-2514
In base 4, what is -3202221 + 0?
-3202221
In base 11, what is 228 - 634?
-407
In base 13, what is -140 - 39?
-179
In base 11, what is -20 - -68277?
68257
In base 8, what is 112677 - -31?
112730
In base 6, what is -23252 - -21?
-23231
In base 13, what is 1bb5a + -10?
1bb4a
In base 11, what is 1 - -34940?
34941
In base 13, what is 6 - -a9a39?
a9a42
In base 12, what is -13891b + -5?
-138924
In base 11, what is 74aa + -4a?
7460
In base 11, what is 3 - 78a1?
-7899
In base 10, what is 657 + -62?
595
In base 11, what is 3737 - 14?
3723
In base 15, what is 361 - 50b?
-19a
In base 12, what is 19677 - 0?
19677
In base 5, what is -4 + -21122240?
-21122244
In base 6, what is 0 + -12303323?
-12303323
In base 10, what is -29 - -1543?
1514
In base 4, what is 101 + 2321313?
2322020
In base 2, what is 10110001010 - -1010111011?
100001000101
In base 10, what is -314 + -32?
-346
In base 9, what is -14 - -3358?
3344
In base 10, what is 30 + -7498?
-7468
In base 6, what is 45222 + 110?
45332
In base 7, what is -324 + 2522?
2165
In base 14, what is 5 + -283c8?
-283c3
In base 14, what is 4 + -77a5a?
-77a56
In base 13, what is -273 - 168?
-40b
In base 12, what is -7aa - 9?
-7b7
In base 8, what is -6746 + 322?
-6424
In base 13, what is aa - 3?
a7
In base 15, what is -178002 - 1?
-178003
In base 8, what is -4 + 57105?
57101
In base 15, what is -ce6 - -6d?
-c78
In base 14, what is -1c4 - 97?
-27b
In base 9, what is 2 + 13366?
13368
In base 12, what is 3b01 + -1?
3b00
In base 7, what is 255013 + 23?
255036
In base 3, what is 21002020202 - -1102?
21002022011
In base 2, what is -101101000 + -101?
-101101101
In base 14, what is -7 - -c543d?
c5436
In base 2, what is -10101100000001100011 + -100?
-10101100000001100111
In base 6, what is 111 + -15345?
-15234
In base 13, what is -23 - -223?
200
In base 4, what is 2 - 2132203?
-2132201
In base 2, what is -1100101000010001010 - 1010?
-1100101000010010100
In base 2, what is -101010001010 - 100?
-101010001110
In base 6, what is -42333153 - -5?
-42333144
In base 13, what is -5 - -2c61?
2c59
In base 13, what is -1c1566 + 2?
-1c1564
In base 7, what is 236336 - 4?
236332
In base 15, what is -e6 + 259?
163
In base 11, what is -1 - 85544?
-85545
In base 10, what is 28799 + -4?
28795
In base 2, what is 111 - -10111111010000111?
10111111010001110
In base 8, what is 1247 + -11?
1236
In base 15, what is 94 + -128?
-84
In base 6, what is 15124 + 3152?
22320
In base 10, what is -56 - -564?
508
In base 11, what is a9 + 519?
617
In base 12, what is -21 - 316?
-337
In base 15, what is 2c + -100e?
-ed2
In base 12, what is -96712 + -4?
-96716
In base 13, what is -5 + 1c9c9?
1c9c4
In base 13, what is -1288 - 7?
-1292
In base 12, what is -495 - 9a7?
-1280
In base 15, what is -d22 + -17?
-d39
In base 9, what is -205204 - 2?
-205206
In base 9, what is -7217547 - -5?
-7217542
In base 2, what is -1111101011 + -11000?
-10000000011
In base 5, what is -42 + 1144430?
1144333
In base 9, what is -60774 + -15?
-60800
In base 2, what is 11101 - 11101111?
-11010010
In base 8, what is -2 + 36740?
36736
In base 11, what is 3597 + -41?
3556
In base 9, what is -446 - 274?
-731
In base 13, what is 8ab38 + -4?
8ab34
In base 11, what is -123a + 2470?
1231
In base 7, what is -1324332 - 2?
-1324334
In base 14, what is -181b2d + -5?
-181b34
In base 2, what is 110010111100 - -11101001?
110110100101
In base 16, what is 44 - ac62?
-ac1e
In base 4, what is -320230 + 201?
-320023
In base 16, what is -23 - 15c?
-17f
In base 4, what is -11 + -112210021?
-112210032
In base 14, what is 4 + 50b0?
50b4
In base 12, what is b2 + -69?
45
In base 10, what is -4119 + -5?
-4124
In base 4, what is 2023 - 210223?
-202200
In base 8, what is -47377 + 5?
-47372
In base 16, what is -6430 - -a?
-6426
In base 15, what is 20d - 3b8?
-1aa
In base 5, what is 3 + -331130?
-331122
In base 5, what is -340 + -344?
-1234
In base 6, what is -23013 + -34?
-23051
In base 8, what is 650232 - 5?
650225
In base 15, what is 3a1a + 20?
3a3a
In base 10, what is 3 - -156797?
156800
In base 5, what is -21 + 2400432?
2400411
In base 2, what is 11000101000000011 - -111?
11000101000001010
In base 13, what is -291b8 - 3?
-291bb
In base 12, what is 12a8 + 41?
1329
In base 7, what is -1034 + -5445?
-6512
In base 4, what is -1321333 + -32?
-1322031
In base 2, what is 11111010011111100 - -100?
11111010100000000
In base 10, what is -13 - 5472?
-5485
In base 4, what is -1010 + 13010?
12000
In base 16, what is 5 + -9a9c?
-9a97
In base 2, what is -11010110 - 100101010010?
-101000101000
In base 13, what is -263265 + -5?
-26326a
In base 15, what is -15de + 1?
-15dd
In base 3, what is -211020022110 + 1?
-211020022102
In base 13, what is 6a - 13918?
-1387b
In base 2, what is 11 - -1001010110001?
1001010110100
In base 9, what is -152028 - 0?
-152028
In base 16, what is e56a + 2?
e56c
In base 9, what is 27161 + 3?
27164
In base 12, what is -160 - -330?
190
In base 5, what is -11230 - 242?
-12022
In base 11, what is 5 + -145540?
-145536
In base 14, what is 15 + -a0b8?
-a0a3
In base 8, what is 43 - 2256?
-2213
In base 7, what is 15100303 - 1?
15100302
In base 10, what is -3634570 + 2?
-3634568
In base 8, what is -45 + 53643?
53576
In base 11, what is 4a73a + -4?
4a736
In base 10, what is -12196 + 27?
-12169
In base 11, what is -4a83 - -67?
-4a17
In base 6, what is 0 + 12150?
12150
In base 10, what is -8459 - 2?
-8461
In base 2, what is -101100100011110000 + 11?
-101100100011101101
In base 7, what is 35002 - -3?
35005
In base 7, what is -50 + -21614?
-21664
In base 9, what is -12058 - 31?
-12100
In base 16, what is cd293 + 2?
cd295
In base 8, what is 2 + 53152?
53154
In base 7, what is 4 + 531136?
531143
In base 7, what is -1130166 - -3?
-1130163
In base 6, what is 4 + -10125211?
-10125203
In base 8, what is 4704 - 11?
4673
In base 16, what is 3 - -52ec?
52ef
In base 14, what is -64373 - 6?
-64379
In base 4, what is 3031120 + -13?
3031101
In base 12, what is -22611 + -2?
-22613
In base 5, what is 22 + 131442?
132014
In base 11, what is 311 - -20?
331
In base 11, what is -484 - -418?
-67
In base 4, what is 30120123 + 210?
30120333
In base 14, what is 7a8 + -c?
79a
In base 12, what is 1790 + 1b?
17ab
In base 6, what is -2121 - 451?
-3012
In base 11, what is 0 + 145220?
145220
In base 13, what is -1 + -1000b3?
-1000b4
In base 11, what is 245 + -606?
-371
In base 15, what is 10c28 + -4?
10c24
In base 5, what is 43 + -3110221?
-3110123
In base 9, what is -8114 - -4?
-8110
In base 14, what is 4 + c4d80?
c4d84
In base 10, what is 0 + -176496?
-176496
In base 6, what is 23 + 14451?
14514
In base 11, what is -67 - -27?
-40
In base 3, what is -1200222 - -221?
-1200001
In base 3, what is -1011 - -20221221212?
20221220201
In base 5, what is -14240 - -104?
-14131
In base 8, what is 32 + 4?
36
In base 4, what is 21112 + 130?
21302
In base 10, what is -4 + 4163?
4159
In base 3, what is 100212 - -20021?
121010
In base 15, what is 20 - 381c5?
-381a5
In base 8, what is 47 + -46?
1
In base 9, what is 1814 - -366?
2281
In base 14, what is 191 - 10b2?
-d21
In ba